{"id":1363,"date":"2022-09-01T17:25:15","date_gmt":"2022-09-01T15:25:15","guid":{"rendered":"https:\/\/www.esepac.com\/pack-avenir\/?page_id=1363"},"modified":"2025-04-09T14:48:57","modified_gmt":"2025-04-09T12:48:57","slug":"conception-packaging","status":"publish","type":"page","link":"https:\/\/www.esepac.com\/pack-avenir\/conception-packaging\/","title":{"rendered":"Conception Packaging"},"content":{"rendered":"<h2><img loading=\"lazy\" class=\"alignnone size-full wp-image-1684\" src=\"https:\/\/www.esepac.com\/pack-avenir\/wp-content\/uploads\/sites\/5\/2023\/12\/conception.jpg\" alt=\"\" width=\"1088\" height=\"156\" srcset=\"https:\/\/www.esepac.com\/pack-avenir\/wp-content\/uploads\/sites\/5\/2023\/12\/conception.jpg 1088w, https:\/\/www.esepac.com\/pack-avenir\/wp-content\/uploads\/sites\/5\/2023\/12\/conception-300x43.jpg 300w, https:\/\/www.esepac.com\/pack-avenir\/wp-content\/uploads\/sites\/5\/2023\/12\/conception-1024x147.jpg 1024w, https:\/\/www.esepac.com\/pack-avenir\/wp-content\/uploads\/sites\/5\/2023\/12\/conception-768x110.jpg 768w\" sizes=\"(max-width: 1088px) 100vw, 1088px\" \/><\/h2>\n<p>De la d\u00e9finition fonctionnelle des besoins (Marketing, technique, logistiques, &#8230; ) \u00e0 la r\u00e9alisation des plans techniques en passant par le prototypage ou la digitalisation des solutions propos\u00e9es et le choix des mat\u00e9riaux,\u00a0 nous assurons la conception de solutions et nous vous accompagnons dans un choix rationnel de votre solution.<\/p>\n<h4><img loading=\"lazy\" class=\"alignnone size-full wp-image-1686\" src=\"https:\/\/www.esepac.com\/pack-avenir\/wp-content\/uploads\/sites\/5\/2023\/12\/conception-pack.png\" alt=\"\" width=\"2000\" height=\"600\" srcset=\"https:\/\/www.esepac.com\/pack-avenir\/wp-content\/uploads\/sites\/5\/2023\/12\/conception-pack.png 2000w, https:\/\/www.esepac.com\/pack-avenir\/wp-content\/uploads\/sites\/5\/2023\/12\/conception-pack-300x90.png 300w, https:\/\/www.esepac.com\/pack-avenir\/wp-content\/uploads\/sites\/5\/2023\/12\/conception-pack-1024x307.png 1024w, https:\/\/www.esepac.com\/pack-avenir\/wp-content\/uploads\/sites\/5\/2023\/12\/conception-pack-768x230.png 768w, https:\/\/www.esepac.com\/pack-avenir\/wp-content\/uploads\/sites\/5\/2023\/12\/conception-pack-1536x461.png 1536w\" sizes=\"(max-width: 2000px) 100vw, 2000px\" \/><\/h4>\n<p>La synth\u00e8se de l&rsquo;\u00e9tude sous forme d&rsquo;un dossier technique vous permet de mettre en \u0153uvre la solution choisie. Ce dossier technique sera la base documentaire support de vos services achats, qualit\u00e9 fournisseur, supply chain et conditionnement.<\/p>\n<p>La proposition et l&rsquo;aide au choix de fournisseurs d&#8217;emballage est \u00e9galement assur\u00e9e si n\u00e9cessaire.<\/p>\n<h2><span style=\"color: #1f5ba6;\">Analyse de la valeur<\/span><\/h2>\n<p>L&rsquo;activit\u00e9 conception emballage inclue \u00e9galement une part important d&rsquo;analyse de la valeur (DTV). Nous \u00e9tudions dans ce cas des propositions de reconception de vos solutions d&#8217;emballages actuels.<\/p>\n<p>En reconsid\u00e9rant vos sp\u00e9cifications emballages actuelles vis \u00e0 vis des besoins, nous partons \u00e0 la recherche de r\u00e9ductions et\/ou suppression d&rsquo;\u00e9l\u00e9ments d&#8217;emballage. Cette d\u00e9marche est totalement align\u00e9e avec les nouvelles directives sur la r\u00e9duction des emballages et contributrice d&rsquo;\u00e9conomies.<\/p>\n<p><img loading=\"lazy\" class=\"aligncenter wp-image-1781 size-full\" src=\"https:\/\/www.esepac.com\/pack-avenir\/wp-content\/uploads\/sites\/5\/2025\/04\/logiciels.png\" alt=\"\" width=\"2000\" height=\"279\" srcset=\"https:\/\/www.esepac.com\/pack-avenir\/wp-content\/uploads\/sites\/5\/2025\/04\/logiciels.png 2000w, https:\/\/www.esepac.com\/pack-avenir\/wp-content\/uploads\/sites\/5\/2025\/04\/logiciels-300x42.png 300w, https:\/\/www.esepac.com\/pack-avenir\/wp-content\/uploads\/sites\/5\/2025\/04\/logiciels-1024x143.png 1024w, https:\/\/www.esepac.com\/pack-avenir\/wp-content\/uploads\/sites\/5\/2025\/04\/logiciels-768x107.png 768w, https:\/\/www.esepac.com\/pack-avenir\/wp-content\/uploads\/sites\/5\/2025\/04\/logiciels-1536x214.png 1536w\" sizes=\"(max-width: 2000px) 100vw, 2000px\" \/><\/p>\n<p>N\u2019h\u00e9sitez pas \u00e0 nous contacter pour obtenir un devis : <strong>m.defour@esepac.com !<\/strong><\/p>\n<p>&nbsp;<\/p>\n<h3><\/h3>\n","protected":false},"excerpt":{"rendered":"<p>De la d\u00e9finition fonctionnelle des besoins (Marketing, technique, logistiques, &#8230; ) \u00e0 la r\u00e9alisation des plans techniques en passant par le prototypage ou la digitalisation des solutions propos\u00e9es et le choix des mat\u00e9riaux,\u00a0 nous assurons la conception de solutions et &hellip;<\/p>\n","protected":false},"author":119,"featured_media":1760,"parent":0,"menu_order":3,"comment_status":"closed","ping_status":"closed","template":"","meta":[],"tags":[],"acf":[],"yoast_head":"<!-- This site is optimized with the Yoast SEO plugin v18.2 - https:\/\/yoast.com\/wordpress\/plugins\/seo\/ -->\n<meta name=\"robots\" content=\"index, follow, max-snippet:-1, max-image-preview:large, max-video-preview:-1\" \/>\n<link rel=\"canonical\" href=\"https:\/\/www.esepac.com\/pack-avenir\/conception-packaging\/\" \/>\n<meta property=\"og:locale\" content=\"fr_FR\" \/>\n<meta property=\"og:type\" content=\"article\" \/>\n<meta property=\"og:title\" content=\"Conception Packaging - ESEPAC Pack Avenir\" \/>\n<meta property=\"og:description\" content=\"De la d\u00e9finition fonctionnelle des besoins (Marketing, technique, logistiques, &#8230; ) \u00e0 la r\u00e9alisation des plans techniques en passant par le prototypage ou la digitalisation des solutions propos\u00e9es et le choix des mat\u00e9riaux,\u00a0 nous assurons la conception de solutions et &hellip;\" \/>\n<meta property=\"og:url\" content=\"https:\/\/www.esepac.com\/pack-avenir\/conception-packaging\/\" \/>\n<meta property=\"og:site_name\" content=\"ESEPAC Pack Avenir\" \/>\n<meta property=\"article:modified_time\" content=\"2025-04-09T12:48:57+00:00\" \/>\n<meta property=\"og:image\" content=\"https:\/\/www.esepac.com\/pack-avenir\/wp-content\/uploads\/sites\/5\/2025\/04\/Conception.png\" \/>\n\t<meta property=\"og:image:width\" content=\"461\" \/>\n\t<meta property=\"og:image:height\" content=\"350\" \/>\n\t<meta property=\"og:image:type\" content=\"image\/png\" \/>\n<meta name=\"twitter:card\" content=\"summary_large_image\" \/>\n<meta name=\"twitter:label1\" content=\"Dur\u00e9e de lecture estim\u00e9e\" \/>\n\t<meta name=\"twitter:data1\" content=\"2 minutes\" \/>\n<script type=\"application\/ld+json\" class=\"yoast-schema-graph\">{\"@context\":\"https:\/\/schema.org\",\"@graph\":[{\"@type\":\"WebSite\",\"@id\":\"https:\/\/www.esepac.com\/pack-avenir\/#website\",\"url\":\"https:\/\/www.esepac.com\/pack-avenir\/\",\"name\":\"ESEPAC Pack Avenir\",\"description\":\"Pack Avenir, votre structure d&#039;ing\u00e9nierie Packaging\",\"potentialAction\":[{\"@type\":\"SearchAction\",\"target\":{\"@type\":\"EntryPoint\",\"urlTemplate\":\"https:\/\/www.esepac.com\/pack-avenir\/?s={search_term_string}\"},\"query-input\":\"required name=search_term_string\"}],\"inLanguage\":\"fr-FR\"},{\"@type\":\"ImageObject\",\"@id\":\"https:\/\/www.esepac.com\/pack-avenir\/conception-packaging\/#primaryimage\",\"inLanguage\":\"fr-FR\",\"url\":\"https:\/\/www.esepac.com\/pack-avenir\/wp-content\/uploads\/sites\/5\/2025\/04\/Conception.png\",\"contentUrl\":\"https:\/\/www.esepac.com\/pack-avenir\/wp-content\/uploads\/sites\/5\/2025\/04\/Conception.png\",\"width\":461,\"height\":350},{\"@type\":\"WebPage\",\"@id\":\"https:\/\/www.esepac.com\/pack-avenir\/conception-packaging\/#webpage\",\"url\":\"https:\/\/www.esepac.com\/pack-avenir\/conception-packaging\/\",\"name\":\"Conception Packaging - ESEPAC Pack Avenir\",\"isPartOf\":{\"@id\":\"https:\/\/www.esepac.com\/pack-avenir\/#website\"},\"primaryImageOfPage\":{\"@id\":\"https:\/\/www.esepac.com\/pack-avenir\/conception-packaging\/#primaryimage\"},\"datePublished\":\"2022-09-01T15:25:15+00:00\",\"dateModified\":\"2025-04-09T12:48:57+00:00\",\"breadcrumb\":{\"@id\":\"https:\/\/www.esepac.com\/pack-avenir\/conception-packaging\/#breadcrumb\"},\"inLanguage\":\"fr-FR\",\"potentialAction\":[{\"@type\":\"ReadAction\",\"target\":[\"https:\/\/www.esepac.com\/pack-avenir\/conception-packaging\/\"]}]},{\"@type\":\"BreadcrumbList\",\"@id\":\"https:\/\/www.esepac.com\/pack-avenir\/conception-packaging\/#breadcrumb\",\"itemListElement\":[{\"@type\":\"ListItem\",\"position\":1,\"name\":\"Accueil\",\"item\":\"https:\/\/www.esepac.com\/pack-avenir\/\"},{\"@type\":\"ListItem\",\"position\":2,\"name\":\"Conception Packaging\"}]}]}<\/script>\n<!-- \/ Yoast SEO plugin. -->","yoast_head_json":{"robots":{"index":"index","follow":"follow","max-snippet":"max-snippet:-1","max-image-preview":"max-image-preview:large","max-video-preview":"max-video-preview:-1"},"canonical":"https:\/\/www.esepac.com\/pack-avenir\/conception-packaging\/","og_locale":"fr_FR","og_type":"article","og_title":"Conception Packaging - ESEPAC Pack Avenir","og_description":"De la d\u00e9finition fonctionnelle des besoins (Marketing, technique, logistiques, &#8230; ) \u00e0 la r\u00e9alisation des plans techniques en passant par le prototypage ou la digitalisation des solutions propos\u00e9es et le choix des mat\u00e9riaux,\u00a0 nous assurons la conception de solutions et &hellip;","og_url":"https:\/\/www.esepac.com\/pack-avenir\/conception-packaging\/","og_site_name":"ESEPAC Pack Avenir","article_modified_time":"2025-04-09T12:48:57+00:00","og_image":[{"width":461,"height":350,"url":"https:\/\/www.esepac.com\/pack-avenir\/wp-content\/uploads\/sites\/5\/2025\/04\/Conception.png","type":"image\/png"}],"twitter_card":"summary_large_image","twitter_misc":{"Dur\u00e9e de lecture estim\u00e9e":"2 minutes"},"schema":{"@context":"https:\/\/schema.org","@graph":[{"@type":"WebSite","@id":"https:\/\/www.esepac.com\/pack-avenir\/#website","url":"https:\/\/www.esepac.com\/pack-avenir\/","name":"ESEPAC Pack Avenir","description":"Pack Avenir, votre structure d&#039;ing\u00e9nierie Packaging","potentialAction":[{"@type":"SearchAction","target":{"@type":"EntryPoint","urlTemplate":"https:\/\/www.esepac.com\/pack-avenir\/?s={search_term_string}"},"query-input":"required name=search_term_string"}],"inLanguage":"fr-FR"},{"@type":"ImageObject","@id":"https:\/\/www.esepac.com\/pack-avenir\/conception-packaging\/#primaryimage","inLanguage":"fr-FR","url":"https:\/\/www.esepac.com\/pack-avenir\/wp-content\/uploads\/sites\/5\/2025\/04\/Conception.png","contentUrl":"https:\/\/www.esepac.com\/pack-avenir\/wp-content\/uploads\/sites\/5\/2025\/04\/Conception.png","width":461,"height":350},{"@type":"WebPage","@id":"https:\/\/www.esepac.com\/pack-avenir\/conception-packaging\/#webpage","url":"https:\/\/www.esepac.com\/pack-avenir\/conception-packaging\/","name":"Conception Packaging - ESEPAC Pack Avenir","isPartOf":{"@id":"https:\/\/www.esepac.com\/pack-avenir\/#website"},"primaryImageOfPage":{"@id":"https:\/\/www.esepac.com\/pack-avenir\/conception-packaging\/#primaryimage"},"datePublished":"2022-09-01T15:25:15+00:00","dateModified":"2025-04-09T12:48:57+00:00","breadcrumb":{"@id":"https:\/\/www.esepac.com\/pack-avenir\/conception-packaging\/#breadcrumb"},"inLanguage":"fr-FR","potentialAction":[{"@type":"ReadAction","target":["https:\/\/www.esepac.com\/pack-avenir\/conception-packaging\/"]}]},{"@type":"BreadcrumbList","@id":"https:\/\/www.esepac.com\/pack-avenir\/conception-packaging\/#breadcrumb","itemListElement":[{"@type":"ListItem","position":1,"name":"Accueil","item":"https:\/\/www.esepac.com\/pack-avenir\/"},{"@type":"ListItem","position":2,"name":"Conception Packaging"}]}]}},"_links":{"self":[{"href":"https:\/\/www.esepac.com\/pack-avenir\/wp-json\/wp\/v2\/pages\/1363"}],"collection":[{"href":"https:\/\/www.esepac.com\/pack-avenir\/wp-json\/wp\/v2\/pages"}],"about":[{"href":"https:\/\/www.esepac.com\/pack-avenir\/wp-json\/wp\/v2\/types\/page"}],"author":[{"embeddable":true,"href":"https:\/\/www.esepac.com\/pack-avenir\/wp-json\/wp\/v2\/users\/119"}],"replies":[{"embeddable":true,"href":"https:\/\/www.esepac.com\/pack-avenir\/wp-json\/wp\/v2\/comments?post=1363"}],"version-history":[{"count":42,"href":"https:\/\/www.esepac.com\/pack-avenir\/wp-json\/wp\/v2\/pages\/1363\/revisions"}],"predecessor-version":[{"id":1782,"href":"https:\/\/www.esepac.com\/pack-avenir\/wp-json\/wp\/v2\/pages\/1363\/revisions\/1782"}],"wp:featuredmedia":[{"embeddable":true,"href":"https:\/\/www.esepac.com\/pack-avenir\/wp-json\/wp\/v2\/media\/1760"}],"wp:attachment":[{"href":"https:\/\/www.esepac.com\/pack-avenir\/wp-json\/wp\/v2\/media?parent=1363"}],"wp:term":[{"taxonomy":"post_tag","embeddable":true,"href":"https:\/\/www.esepac.com\/pack-avenir\/wp-json\/wp\/v2\/tags?post=1363"}],"curies":[{"name":"wp","href":"https:\/\/api.w.org\/{rel}","templated":true}]}}